g(t) = 3*t**3 + 4*t**2 - 169*t - 539. Determine g(-3).
-77
Let u(z) = z**2 - 57*z - 65. Give u(50).
-415
Let n(x) = x**3 - 11*x**2 - 48*x + 154. Give n(14).
70
Let w(c) = 127*c - 986. What is w(7)?
-97
Let a(w) = -51*w + 4791. Calculate a(94).
-3
Let q(m) = -m**3 - 8*m**2 + 4*m + 26. Calculate q(-8).
-6
Let s(p) = -p**3 + 8*p**2 + 128*p - 10. Determine s(-8).
-10
Let y(o) = o**3 - 8*o**2 + 7*o + 5. Determine y(7).
5
Let l(b) = b**3 + 15*b**2 + 15*b + 7. Calculate l(-14).
-7
Let o(f) = -f**2 + 1171*f + 4697. Give o(-4).
-3
Let p(m) = -1961*m - 100010. Give p(-51).
1
Let n(l) = 167*l**3 - 4*l + 5. Give n(1).
168
Let o(j) = -3012*j - 21105. Determine o(-7).
-21
Let n(a) = a**2 - 25*a + 103. What is n(20)?
3
Let k(u) = 312*u + 1865. Give k(-6).
-7
Let w(v) = 862*v + 2588. Calculate w(-3).
2
Let n(d) = 2*d**2 + 66*d + 20. Give n(-33).
20
Let u(r) = -r**2 + 622*r + 2505. Give u(-4).
1
Let h(c) = 486*c + 1434. Determine h(-3).
-24
Let n(r) = 5*r**2 - 38*r - 242. Determine n(-5).
73
Let j(x) = x**3 + 8*x**2 - 10*x - 46. What is j(3)?
23
Let c(i) = 9*i**2 - 105*i + 6. Determine c(10).
-144
Let c(f) = -4*f**3 + 728*f**2 + 3*f - 551. Calculate c(182).
-5
Let y(i) = 23*i**2 - 15*i - 3. Give y(-2).
119
Let i(j) = j**2 - 1042*j + 8279. Calculate i(8).
7
Let n(t) = -3*t**2 - 14*t + 232. What is n(13)?
-457
Let y(b) = 22*b - 1056. Give y(49).
22
Let h(c) = -c**2 - 1582*c + 19124. Determine h(12).
-4
Let d(v) = 6*v + 323. Calculate d(-51).
17
Let o(y) = -2*y**3 - 11*y**2 - 3*y + 11. Calculate o(-4).
-25
Let i(k) = -1512*k - 37814. Determine i(-25).
-14
Let v(f) = -f**3 + 11*f**2 + 54*f - 151. Calculate v(-6).
137
Let r(v) = -v**2 - 4262*v - 38273. What is r(-9)?
4
Let k(t) = -13*t**3 + 65*t**2 + 9*t - 41. Calculate k(5).
4
Let r(x) = -988*x - 11840. What is r(-12)?
16
Let d(h) = -h**3 - 44*h**2 + 45*h - 43. Determine d(-45).
-43
Let g(h) = -111*h - 691. Determine g(-7).
86
Let i(y) = -62*y**2 - 31*y - 64. Calculate i(-3).
-529
Let b(z) = -z**3 + 7*z**2 + 6*z + 22. Give b(8).
6
Let x(v) = 67*v + 9731. Give x(-148).
-185
Let j(l) = 13*l + 124. What is j(-8)?
20
Let g(m) = -m**2 + 841*m - 21997. Determine g(27).
-19
Let l(u) = 118*u - 1543. Give l(13).
-9
Let u(q) = 10*q**2 - 18*q + 34. Calculate u(2).
38
Let x(r) = r**2 - 214*r + 8142. What is x(49)?
57
Let m(y) = 75*y + 447. Determine m(-6).
-3
Let o(p) = p**3 - 18*p**2 + 25*p + 30. Give o(15).
-270
Let d(n) = 69*n**2 - 779*n + 221. What is d(11)?
1
Let s(f) = 193*f**2 - 4*f - 3. What is s(-1)?
194
Let s(z) = 7*z**3 - 153*z**2 - 9*z - 161. Calculate s(22).
125
Let o(c) = 378*c + 2611. Calculate o(-7).
-35
Let p(x) = -2*x**2 + 50*x - 52. Give p(1).
-4
Let q(x) = -7*x**2 - 75*x + 746. Give q(-17).
-2
Let n(w) = -w**3 - 305*w**2 - 20394*w - 23. Give n(-206).
-23
Let g(p) = -2*p**3 + 53*p**2 + 141*p + 200. Give g(29).
84
Let o(a) = -a**3 - 62*a**2 - 63*a - 119. Determine o(-61).
3
Let i(v) = 5*v**3 - 53*v**2 + 128*v - 503. Determine i(9).
1
Let d(s) = s**2 + 189*s + 3397. What is d(-20)?
17
Let x(a) = a**3 - 21*a**2 + 2*a - 43. Determine x(21).
-1
Let i(v) = -v**2 - 69*v + 481. What is i(-73)?
189
Let c(o) = -28*o + 246. Determine c(10).
-34
Let r(u) = 3414*u - 262874. Give r(77).
4
Let s(i) = -355*i + 80580. Give s(227).
-5
Let w(x) = -62*x**2 + 395*x + 280. Calculate w(7).
7
Let g(x) = -3*x + 104. Calculate g(18).
50
Let i(u) = -u**3 - 15*u**2 + 140*u - 1. Determine i(7).
-99
Let w(k) = k**3 - 171*k**2 + 651*k + 2855. Give w(167).
16
Let x(f) = 16*f**2 - 6*f + 5. Give x(1).
15
Let g(o) = -o**3 - o**2 + 10*o + 45. Determine g(-6).
165
Let y(k) = -k**3 - 6*k**2 + 217*k + 37. Calculate y(-18).
19
Let u(b) = 93*b - 12. Calculate u(-6).
-570
Let q(d) = -147*d + 7484. Give q(52).
-160
Let q(d) = -3*d + 24. Give q(33).
-75
Let x(d) = -22*d**2 + 37*d - 118. Determine x(4).
-322
Let p(b) = -b**3 + 39*b**2 - 72*b - 87. What is p(37)?
-13
Let p(c) = 51*c**3 - 17*c**2 - 19*c + 1. Determine p(-1).
-48
Let f(a) = a**2 - 25*a + 912. Give f(31).
1098
Let r(x) = -13*x + 22. Calculate r(12).
-134
Let q(d) = 4*d**3 + 9*d**2 - 1. Determine q(-5).
-276
Let w(j) = -2723*j**2 + 27233*j - 27. Determine w(10).
3
Let d(k) = -3*k**3 - 152*k**2 - 291*k. Give d(-2).
-2
Let d(m) = -21*m - 871. Calculate d(-42).
11
Let f(d) = d**2 - 24*d - 422. What is f(33)?
-125
Let f(w) = w**2 + 49*w + 426. Give f(-16).
-102
Let k(l) = 9*l - 37. Determine k(-7).
-100
Let y(b) = -47*b**2 + 67*b - 38. What is y(3)?
-260
Let b(i) = -48*i - 281. Determine b(-5).
-41
Let q(p) = -14*p**3 + 9*p**2 - 4*p - 6. What is q(1)?
-15
Let r(m) = -85*m - 90. Give r(-8).
590
Let f(i) = 103*i + 636. Calculate f(-16).
-1012
Let q(t) = 12*t + 21. What is q(-9)?
-87
Let o(v) = 2*v**2 - 3*v - 9. Determine o(9).
126
Let z(r) = r**3 + 7*r**2 - 8*r - 5. Calculate z(-8).
-5
Let b(v) = -3*v**2 - 22*v - 4. Determine b(-7).
3
Let h(m) = -m**3 - 56*m**2 - 62*m - 359. Calculate h(-55).
26
Let a(k) = 1352*k - 5412. Determine a(4).
-4
Let y(x) = -8*x**2 + 38*x - 36. Give y(1).
-6
Let m(k) = -k**3 + 252*k**2 - 5059*k - 28. What is m(22)?
-6
Let x(p) = -5*p**2 - 106*p - 161. Determine x(-19).
48
Let k(x) = 2*x**3 + 21*x**2 - 43*x - 47. What is k(-11)?
305
Let q(i) = 6*i**2 - 40*i - 118. What is q(10)?
82
Let k(i) = -i**3 + 12*i**2 + 13*i - 46. What is k(14)?
-256
Let i(l) = 3*l**2 + 3*l - 168. Determine i(7).
0
Let l(t) = 358*t - 7875. Calculate l(22).
1
Let t(x) = -x**3 + 10*x**2 - 38*x + 11. Give t(5).
-54
Let d(x) = -8*x - 22. What is d(16)?
-150
Let a(b) = 28*b**3 + 7*b**2 - 6*b. Calculate a(1).
29
Let q(b) = 5*b**2 + 9*b - 113. Determine q(-10).
297
Let t(a) = 10362*a + 103624. Give t(-10).
4
Let i(k) = -3*k**3 + 16*k**2 - 9*k - 20. Give i(0).
-20
Let d(g) = 3*g**3 + g**2 + 28*g + 54. Calculate d(-2).
-22
Let x(f) = 6*f - 47. What is x(-5)?
-77
Let t(q) = -q**2 - 16*q - 12. Calculate t(-10).
48
Let h(k) = k**3 - 126*k**2 - 197*k + 8901. Calculate h(127).
11
Let k(x) = x - 4. Determine k(23).
19
Let d(g) = 11*g - 75. Determine d(-17).
-262
Let v(c) = 7213*c + 64912. What is v(-9)?
-5
Let b(f) = 175*f - 334. Give b(2).
16
Let p(d) = 137*d + 1321. What is p(-10)?
-49
Let h(d) = 16*d**2 + 138*d + 9. Give h(-9).
63
Let f(l) = -290*l - 863. Calculate f(-3).
7
Let x(n) = -n**2 + 694*n + 3527. Give x(-5).
32
Let w(k) = 28*k + 441. What is w(-16)?
-7
Let s(z) = -4*z**2 + 7*z + 1575. Calculate s(-19).
-2
Let x(i) = -i**3 - 29*i**2 - 53*i - 672. Calculate x(-28).
28
Let b(k) = -6*k**2 - 4*k - 16. What is b(-5)?
-146
Let y(r) = -3*r**3 - 26*r**2 - 26*r - 317. Calculate y(-9).
-2
Let z(a) = -2*a**2 + 173*a + 3761. Calculate z(-18).
-1
Let d(u) = -81*u - 4460. Give d(-55).
-5
Let j(d) = d**2 + 21*d + 63. What is j(-20)?
43
Let z(j) = -31*j - 58. Determine z(-6).
128
Let u(s) = -s**3 - 14*s**2 - 58*s - 35. What is u(-4)?
37
Let l(w) = -5*w**2 + 55*w - 16. Determine l(10).
34
Let q(x) = 1803*x - 5265. What is q(3)?
144
Let t(r) = -326*r**2 + 6846*r + 23. Determine t(21).
23
Let s(n) = n**2 - 76*n + 723. Calculate s(12).
-45
Let y(p) = 62*p - 3814. Give y(60).
-94
Let z(o) = 4*o**3 - 29*o**2 - 5*o + 85. What is z(7)?
1
Let d(s) = -17*s - 219. What is d(0)?
-219
Let o(l) = -l**3 - 152*l**2 - 190*l - 28867. What is o(-152)?
13
Let a(l) = 95*l + 408. Determine a(-4).
28
Let l(m) = 442*m + 847. Calculate l(-2).
-37
Let i(j) = 15*j**3 - 5*j**2 - 5*j + 18. Give i(-2).
-112
Let o(n) = -462*n + 8321. What is o(18)?
5
Let c(s) = -45*s - 229. Give c(3).
-364
Let z(p) = p**3 - 88*p**2 + 72*p + 1297. Calculate z(87).
-8
Let g(t) = -431*t - 874. Determine g(-2).
-12
Let n(g) = 3*g**3 + 7*g**2 + 50*g - 91. What is n(2)?
61
Let m(n) = n**3 + 16*n**2 + 39*n - 43. What is m(-12)?
65
Let a(s) = -s**3 + s**2 + 98*s - 34. Give a(10).
46
Let m(q) = q**3 - 2*q**2 - q - 13. Calculate m(0).
-13
Let i(g) = 179*g - 2117. Calculate i(13).
210
Let t(c) = -8*c - 16. Give t(-1).
-8
Let f(b) = -b**2 + 41*b + 57. Determine f(40).
97
Let y(j) = 69*j - 407. Calculate y(4).
-131
Let p(z) = 184*z**2 - 195*z + 4. Give p(1).
-7
Let m(h) = 157*h**2 - 300*h - 22. Determine m(2).
6
Let g(n) = -85*n + 1449. What is g(17)?
4
Let t(u) = 1703*u + 11933. Determine t(-7).
12
Let f(q) = -q**3 + 8*q**2 - 8*q + 10. Give f(3).
31
Let k(o) = 94*o + 5699. Calculate k(-61).
-35
Let l(d) = d**3 + 3*d**2 + 18*d + 77. Calculate l(-4).
-11
Let w(k) = k**3 